{"version":"1.0","provider_name":"Gut Hardegg","provider_url":"https:\/\/guthardegg.at\/en","author_name":"Janik Halder","author_url":"https:\/\/guthardegg.at\/en\/author\/janik\/","title":"Landbewirtschaftung am Puls der Zeit - Gut Hardegg","type":"rich","width":600,"height":338,"html":"<blockquote class=\"wp-embedded-content\" data-secret=\"AC5uIB7fCj\"><a href=\"https:\/\/guthardegg.at\/en\/landbewirtschaftung-am-puls-der-zeit\/\">Landbewirtschaftung am Puls der Zeit<\/a><\/blockquote><iframe sandbox=\"allow-scripts\" security=\"restricted\" src=\"https:\/\/guthardegg.at\/en\/landbewirtschaftung-am-puls-der-zeit\/embed\/#?secret=AC5uIB7fCj\" width=\"600\" height=\"338\" title=\"&#8220;Landbewirtschaftung am Puls der Zeit&#8221; &#8212; Gut Hardegg\" data-secret=\"AC5uIB7fCj\" frameborder=\"0\" marginwidth=\"0\" marginheight=\"0\" scrolling=\"no\" class=\"wp-embedded-content\"><\/iframe><script>\n\/*! This file is auto-generated *\/\n!function(d,l){\"use strict\";l.querySelector&&d.addEventListener&&\"undefined\"!=typeof URL&&(d.wp=d.wp||{},d.wp.receiveEmbedMessage||(d.wp.receiveEmbedMessage=function(e){var t=e.data;if((t||t.secret||t.message||t.value)&&!\/[^a-zA-Z0-9]\/.test(t.secret)){for(var s,r,n,a=l.querySelectorAll('iframe[data-secret=\"'+t.secret+'\"]'),o=l.querySelectorAll('blockquote[data-secret=\"'+t.secret+'\"]'),c=new RegExp(\"^https?:$\",\"i\"),i=0;i<o.length;i++)o[i].style.display=\"none\";for(i=0;i<a.length;i++)s=a[i],e.source===s.contentWindow&&(s.removeAttribute(\"style\"),\"height\"===t.message?(1e3<(r=parseInt(t.value,10))?r=1e3:~~r<200&&(r=200),s.height=r):\"link\"===t.message&&(r=new URL(s.getAttribute(\"src\")),n=new URL(t.value),c.test(n.protocol))&&n.host===r.host&&l.activeElement===s&&(d.top.location.href=t.value))}},d.addEventListener(\"message\",d.wp.receiveEmbedMessage,!1),l.addEventListener(\"DOMContentLoaded\",function(){for(var e,t,s=l.querySelectorAll(\"iframe.wp-embedded-content\"),r=0;r<s.length;r++)(t=(e=s[r]).getAttribute(\"data-secret\"))||(t=Math.random().toString(36).substring(2,12),e.src+=\"#?secret=\"+t,e.setAttribute(\"data-secret\",t)),e.contentWindow.postMessage({message:\"ready\",secret:t},\"*\")},!1)))}(window,document);\n<\/script>","thumbnail_url":"https:\/\/guthardegg.at\/wp-content\/uploads\/20190329-26-scaled.jpg","thumbnail_width":2560,"thumbnail_height":1440,"description":"Im Rahmen der Veranstaltungsreihe \u201eNext Generation\u201c lud der Verband&nbsp;Land&amp;Forst Betriebe \u00d6sterreich&nbsp;zuk\u00fcnftige Betriebsleiter aus der Landwirtschaft (\u00fcber 40 Personen) auf das Gut Hardegg. An zwei Tagen wurde das Thema \u201eLandbewirtschaftung am Puls der Zeit\u201c ausf\u00fchrlich behandelt, unter anderem in Vortr\u00e4gen von Dr. Christian Brawenz, Agrarattach\u00e9 in Belgrad, sowie Landesrat Ludwig Schleritzko. Bei der Besichtigung des Betriebs [...]"}

Im Rahmen der Veranstaltungsreihe „Next Generation“ lud der Verband&nbsp;Land&amp;Forst Betriebe Österreich&nbsp;zukünftige Betriebsleiter aus der Landwirtschaft (über 40 Personen) auf das Gut Hardegg. An zwei Tagen wurde das Thema „Landbewirtschaftung am Puls der Zeit“ ausführlich behandelt, unter anderem in Vorträgen von Dr. Christian Brawenz, Agrarattaché in Belgrad, sowie Landesrat Ludwig Schleritzko. Bei der Besichtigung des Betriebs [...]
